of 4 and h?
4
Suppose 4*x - 61 = 59. What is the greatest common divisor of 10 and x?
10
Let s = 1 + 8. Let l be 24 - (-2)/(-6)*s. What is the highest common factor of l and 63?
21
Suppose 0 = 4*c - 51 + 35. Calculate the greatest common divisor of 52 and c.
4
Suppose 0 = 4*m - 26 - 26. What is the highest common divisor of m and 52?
13
Suppose -y + 3 + 2 = 0. Let a = 10 + y. Let t = -6 - -11. Calculate the greatest common divisor of a and t.
5
Let a = -8 - 5. Let v = a + 20. Suppose 5*j + 4*f + f = 135, 0 = -4*j + 2*f + 114. Calculate the highest common factor of v and j.
7
Let m(o) = -3*o + 10*o**2 - o**3 + 0 - 5*o**2 - 1. Let s be m(4). Suppose -s*t + 2 = -40. What is the greatest common divisor of t and 112?
14
Suppose 0 = -4*u + 62 - 10. Calculate the greatest common divisor of 143 and u.
13
Suppose k = 0, 0*j + 120 = 5*j + 3*k. What is the greatest common divisor of j and 168?
24
Let y(l) = -l**2 + 12*l - 7. Let b be y(9). What is the greatest common divisor of b and 20?
20
Suppose 192 = -2*w + 5*w. Let x(u) = -u**3 - 4*u**2 + 4*u + 4. Let y be x(-4). Let j = 28 + y. What is the highest common divisor of w and j?
16
Let u(v) = -2*v**3 + 5*v**2 - 4*v + 2. Let m be u(3). Suppose x = -16 + 51. Let y = x + m. Calculate the greatest common divisor of y and 4.
4
Suppose 1 = -y - 2. Let f(d) = -3*d - 3. Let a be f(y). Let g be 3/a + 125/2. What is the highest common divisor of g and 9?
9
Let a = 40 + -38. Calculate the highest common factor of 14 and a.
2
Let l(x) = 88*x. Let z be l(1). Suppose 0 = 4*n - 2*n - z. Suppose -n - 118 = -c + 3*v, c = -v + 150. What is the highest common divisor of c and 17?
17
Let t = 6 + -5. Let k be t - (-255 + 3)/1. What is the highest common divisor of 23 and k?
23
Let x(m) = m**3 - m**2 - 2*m + 2. Let s be x(0). What is the greatest common divisor of s and 18?
2
Suppose 527 = 10*o - 513. Calculate the highest common divisor of 8 and o.
8
Suppose 4*u = -24 - 0. Let h = u + 11. Suppose -h*b = -0*b - 25. Calculate the highest common factor of b and 35.
5
Suppose 2*t - 46 = -3*a + 6*t, 74 = 4*a + t. What is the greatest common factor of a and 30?
6
Let q be 72/(-42)*(-1 + -13). Suppose -6*x + x = -5. Let f be x + q + 2/1. Calculate the highest common divisor of f and 18.
9
Let s(a) = -35*a + 2. Let g(p) = 1. Let b(r) = 3*g(r) - s(r). Let c be b(1). Calculate the greatest common divisor of c and 4.
4
Let g be (7 + -12)/((-2)/6). Let c(i) = i**2 + i - 5. Let d(w) = 5*w. Let a be d(-1). Let f be c(a). What is the highest common divisor of f and g?
15
Let l be (-72)/30*(-40)/6. Calculate the highest common factor of 128 and l.
16
Let i be 3 - (-15 - (-5 - -3)). Calculate the highest common divisor of 80 and i.
16
Let c(o) = 5*o - 15. Suppose 0*f - 45 = -5*r + 5*f, 4*r - 39 = f. Let s be c(r). Calculate the greatest common factor of 7 and s.
7
Let g(m) = m**2 + 4. Let z be g(-3). What is the greatest common divisor of 143 and z?
13
Let n(b) = b - 6. Let t be n(10). Suppose l + 55 = 4*j, 0 = t*j - 9*j + 2*l + 65. What is the highest common factor of j and 10?
5
Let z = 2 + -7. Let q = z - -7. Let l be -1*(-26)/q + -2. Calculate the highest common factor of l and 77.
11
Let q(d) = d**2 - 3*d - 8. Let k be q(-4). Calculate the greatest common factor of 10 and k.
10
Let s(f) = 10*f + 4. Let r be s(1). Calculate the highest common factor of 35 and r.
7
Suppose 3*g = -0*z - 5*z + 273, 0 = -2*z - 4*g + 98. Let q = -33 + z. Calculate the greatest common factor of 8 and q.
8
Let c(l) = 45*l**2 + 2*l + 1. Let o be c(-1). Let j = 515 + -449. What is the highest common divisor of o and j?
22
Let w(v) = -10*v**3 + v**2 - 2*v - 2. Let n be w(-2). Suppose -82 = -0*t - 5*t + 3*x, 5*t = 4*x + n. What is the highest common divisor of t and 21?
7
Suppose 12 = -3*p, -4*z + 2*p + p + 40 = 0. Suppose -2*a + 92 - 19 = -t, -2*a = 4*t - 58. Calculate the highest common divisor of a and z.
7
Let b(d) = 70*d. Let n be b(2). Let i = 26 - 6. What is the highest common divisor of i and n?
20
Suppose -84 = -4*d - 24. What is the greatest common divisor of 15 and d?
15
Let s(u) = -48*u - 4. Let v be s(-1). Calculate the greatest common factor of 11 and v.
11
Let m be (-9)/15*(-5)/1. Let p be (21/4)/(m/60). Calculate the highest common divisor of p and 42.
21
Let p(a) = a**3 + 21*a**2 + 33*a + 31. Let f be p(-19). Calculate the highest common divisor of 14 and f.
14
Let i(p) = p**2 - 10*p + 4. Let g be i(9). Let s = 4 + -3. Let v = s - g. Calculate the greatest common divisor of v and 3.
3
Let a = -349 - -697. Suppose 4*m + 3*o - a = 0, 3*m - 4*o = 413 - 127. Suppose 8*p = 3*p + m. What is the greatest common factor of 9 and p?
9
Let r be 4/(-3)*21/(-2). Let q(a) = 2*a**3 + 4*a**2 - 2. Let h be q(-3). Let d = 15 - h. What is the highest common factor of d and r?
7
Suppose -10 = 4*r + r - 2*n, -6 = 3*r + 2*n. Let f be ((-2)/r)/((-1)/6). Let t be (-166)/f - 5/(-15). What is the highest common factor of t and 4?
4
Let m(f) = 7*f**2 + 2*f + 4. Let g be m(-7). What is the greatest common factor of 37 and g?
37
Suppose -101 = -3*i + 31. Suppose -3*g - 2*g = -20. Calculate the greatest common factor of g and i.
4
Let s(k) = -3*k - 68. Let n be s(0). Let r = n - -122. What is the greatest common factor of r and 6?
6
Let n(o) = 3*o - 5. Let s be n(6). Suppose 37 + s = f. Calculate the highest common divisor of f and 20.
10
Let a = -3 + 19. Let p(i) = -102*i + 10. Let k be p(-1). What is the highest common divisor of a and k?
16
Let q(o) = 2*o**2 - 11*o + 22. Let a be q(4). Let x = 3 + 1. Calculate the greatest common factor of x and a.
2
Let g(j) = j**2 - 9*j - 9. Let a be g(11). Calculate the highest common divisor of 91 and a.
13
Let s(v) = -v**3 - 8*v**2 + 7*v + 10. Let m be s(-9). What is the highest common divisor of 7 and m?
7
Let r(q) = -83*q - 1. Let f = 7 + -9. Let d be r(f). Calculate the greatest common factor of d and 15.
15
Let z = 58 + -28. What is the greatest common divisor of z and 12?
6
Suppose 18 = 2*p + p. Suppose -p = -4*c + c. Suppose -15 = -c*s - m, m + 18 = 3*s + 3. Calculate the highest common factor of 6 and s.
6
Suppose -232 = -2*c + 2*l, -2*c + 0*c + 257 = 3*l. What is the greatest common factor of 11 and c?
11
Let x be ((-56)/(-3))/2*(-198)/(-132). What is the greatest common factor of 2 and x?
2
Suppose -126 = 2*l + 40. Let z = l - -143. Calculate the highest common factor of z and 24.
12
Let l = 21 - 14. Suppose -3*x - 25 - 26 = 0. Let j = 11 - x. What is the greatest common divisor of j and l?
7
Suppose 0 = -4*l + 3831 - 867. Suppose 5*w - 164 = -3*t + l, -w + 179 = t. What is the highest common factor of 23 and w?
23
Suppose 57*d = 3*d + 1944. Suppose -7*u + 3*u - p = -206, u - 44 = -4*p. Suppose 8 + u = 5*y. What is the highest common divisor of y and d?
12
Let y(w) = -w**3 - 6*w**2 - 5*w - 2. Let k be y(-5). Let t = k + 59. Calculate the greatest common divisor of 19 and t.
19
Let m(p) = -2*p - 7. Let a be m(-5). Let r(o) = -1 - 4*o + 6*o + 0 + 2*o**3. Let q be r(1). What is the greatest common divisor of a and q?
3
Let f(s) = s**3 - 10*s**2 - 10*s - 7. Let q be f(11). Suppose -u + 123 = 5*g, -q*g + u + 52 = -2*g. Calculate the highest common divisor of g and 5.
5
Let l = 7 + -3. Calculate the greatest common factor of 4 and l.
4
Suppose 4*d = 1 + 15. Let p(j) be the first derivative of j**3/3 - j**2 - j - 3. Let l be p(d). Calculate the highest common factor of 63 and l.
7
Suppose -27 = 5*h - 97. Let q(t) = -t**2 - t - 1. Let v be q(-1). Let j be 10/2*(-7)/v. Calculate the greatest common factor of h and j.
7
Let s be (97 - 0) + (0 - -3). Let f be (s/30)/(4/18). What is the highest common factor of 15 and f?
15
Suppose -2*u + 198 = -o, 178 = 4*u - 2*u + 4*o. Let a = u - 34. Let s be (a/(-4))/((-1)/8). What is the greatest common divisor of s and 14?
14
Suppose 7*p = -0*p + 84. Calculate the greatest common divisor of 12 and p.
12
Suppose 4*v - 65 = -5*y, -5*y + v = 3*v - 75. What is the greatest common factor of 17 and y?
17
Let m(t) = 3*t**2 - 2*t - 1. Let c be m(-1). Suppose -c = 5*r - 14. Calculate the highest common factor of 8 and r.
2
Let d be (-1926)/8 + (-5)/20. Let w be 2/(-6) + d/(-3). What is the greatest common divisor of w and 32?
16
Suppose 5*o = 4*x + 540, -o - 2*x = 2*o - 302. Let p = -33 - -46. Calculate